0
Suppose 2*b + 2*x - 14 = 0, -x = 2*b - 5*x + 4. Let f be ((-21)/7 + 7)/b. Let s(v) = 0*v**3 + 0 + 1 - 7*v**3 - 2*v + 2*v**2. Calculate s(f).
-6
Let m(w) be the first derivative of w**4/3 - w**3/2 + 3*w**2/2 - 99*w + 113. Let l(k) be the first derivative of m(k). Calculate l(2).
13
Let n(a) = -a - 6. Let s be n(-6). Let j(p) = -11*p**2 + 11*p - 37. Let q(y) = -13*y**2 + 13*y - 44. Let c(r) = 6*j(r) - 5*q(r). What is c(s)?
-2
Suppose 9*g - 473 = -491. Let o(y) = -9*y**2 - 24*y - 7. Give o(g).
5
Let n be (-7)/2 + 3/6. Let v(i) = i**3 + 106 - 23 + i + 3*i**2 - 29 - 21 - 36. Calculate v(n).
-6
Let o(c) = -8*c + 38. Let m be o(4). Suppose -m + 2 = -2*y. Let k(i) = -7*i + 5 - i**2 + 3*i**y - i**2. Give k(7).
5
Let p(u) = 32*u + 17. Let t = -19091 + 19090. What is p(t)?
-15
Suppose 0 = -40*y + 367 + 600 + 73. Let q(w) = -w**3 + 25*w**2 + 26*w + 12. What is q(y)?
12
Let q(g) = 41*g + 906. Let t = -22639 + 22617. Calculate q(t).
4
Let y(b) = -23 - 6*b + 50 - 25 + b**2. Let x be y(6). Let z(t) = -10*t**3 + 4*t - t + 2*t + 7 - 6*t**x + 11*t**3. What is z(5)?
7
Let r(y) = -25*y - 37. Let v(j) = -8*j - 15. Let z(k) = 2*r(k) - 7*v(k). Give z(-6).
-5
Let f(j) be the first derivative of j**4/4 - j**3/3 + j**2/2 - 2*j + 12. Let h = -110 - 102. Let w = 214 + h. Calculate f(w).
4
Let c(y) be the third derivative of y**5/12 - y**4/8 - 5*y**3/3 - 22*y**2 - y. What is c(-2)?
16
Let p(m) = -14*m + 1. Suppose 0 = -21*v + 420 + 525. Suppose -t - 3*h + v - 56 = 0, 16 = -4*h. What is p(t)?
-13
Let x = -309 + 306. Let g(c) be the first derivative of c**2 + 3*c - 82. Determine g(x).
-3
Suppose -4*u - 2*n + 36 = 2*n, -2*u + 23 = 3*n. Suppose u*w - 5*b - 27 = 0, w + 3*w = 3*b + 29. Let t(m) = -7 + m + 7*m + 604*m**2 - 605*m**2. Determine t(w).
-7
Let c(q) be the second derivative of q**4/12 - 2*q**3 + 21*q**2/2 + 11*q + 12. Determine c(9).
-6
Suppose -5*q + 223*j - 221*j = 42, 5*q + 5*j = -35. Let y(w) = -w**3 - 6*w**2 + 4*w - 18. Calculate y(q).
78
Let l(c) be the first derivative of 7*c**2 + 90*c + 2563. What is l(-5)?
20
Let m(k) = -46*k + 22. Let z(p) = -8*p + 4. Let f(j) = m(j) - 6*z(j). Let d be -1 + (2 - 1 - -4). Give f(d).
6
Let g(z) = 1099 - 543 - 547 - z**2 + 9*z. Let d(n) = 3*n + 11. Let c be d(-1). Determine g(c).
17
Let p be 16/36*(-54)/12. Let l(m) = 7*m + 8. Calculate l(p).
-6
Suppose 49 = -7*x + 14*x. Let f(s) = -40*s**3 + x*s**2 + s + 39*s**3 + 0*s + 3. Let o = -10 - -17. Give f(o).
10
Suppose -5*b = -2*m + 23, 5*m = -5*b + 12 + 28. Let d(k) = 14*k - 14*k - k**3 + 9*k**2 + 7 - m*k. Suppose 4*a - 33 + 1 = 0. Give d(a).
-1
Let y(n) = -7*n**3 - 12*n**2 - 9*n - 4. Let r(c) = 6*c**3 + 11*c**2 + 8*c + 3. Let v(u) = -6*r(u) - 5*y(u). Suppose l = 511 - 515. Give v(l).
-18
Let x(s) = s + 3*s + 148 - 135 - 8*s**2. What is x(-2)?
-27
Suppose 0 = -s - 3*k + 18, 39*s - 4*k + 44 = 37*s. Let b(c) = -6*c + 15 + c**2 + 13*c + 0*c**2. Give b(s).
9
Let p(m) = m**3 - 21*m**2 - m - 33. Let o be 35*(-39)/(-520)*8. What is p(o)?
-54
Suppose -2*g + 96 = -3*k + g, -k - 17 = 2*g. Let m = 24 + k. Let i(j) be the first derivative of j**4/4 + 5*j**3/3 + 5*j**2/2 + 3*j - 19. What is i(m)?
6
Let n(l) = -18*l**3 + l. Let v = -35 - -36. Let i be -10 + 7 + (0/2)/v. Let k be 2 + (-12)/48 + i/4. Give n(k).
-17
Let v = -4192 + 4200. Suppose -17 = -2*y - 5. Let r(m) = -v + 10 - y - 3*m. Calculate r(-3).
5
Let j(k) = 39*k**3 + 26*k**2 + 50*k + 138. Let c(p) = 2*p**3 - 1. Let q(s) = -20*c(s) + j(s). Determine q(28).
-10
Suppose -2*p = -10, 2*p - 9 = -a + 11. Suppose 44*i = 49*i - a. Suppose 0 = -2*y - 4, 0 = -4*u + y - i*y - 22. Let x(r) = -r**2 - 5*r + 6. Give x(u).
6
Let g(k) = 6*k**3 - 2*k**2 - 13*k - 20. Let t(z) = -5*z**3 + z**2 + 12*z + 14. Let i(u) = 4*g(u) + 5*t(u). Calculate i(-5).
0
Suppose 5*q - 16 = 3*o, 10*q + 2 = 12*q + o. Let m(h) = 119*h**2 + 8 + 123*h**q + h**3 - 248*h**2 - 9*h. Let j be ((-6)/(-9))/(4/42). What is m(j)?
-6
Let a(y) be the second derivative of 0 - 5/6*y**3 + y**2 - 59*y + 1/12*y**4. What is a(4)?
-2
Let u(q) = -q**3 - q**2 + 7*q - 2. Let a(r) = -r**3 + 5*r**2 - 3*r - 3. Let y be a(2). Determine u(y).
-17
Let g(c) = -16*c**3 + 4*c**2 + 10*c + 5. Let q be g(-1). Let i(m) = -m**3 + 18*m**2 - 46*m + 19. Determine i(q).
4
Let h(f) = -3*f - 2. Suppose -11*k = -9*k - 6. Suppose k*a = 3*x + 33, 3*a - 22 = 4*x + 9. Suppose 0 = a*m - 8*m + 25. Calculate h(m).
13
Suppose -111*r - 17 = -8 - 9. Let h(f) be the second derivative of -1/6*f**3 + 0*f**2 + r - 21*f. Determine h(-4).
4
Suppose -2*h + 7*h = 10. Let f(k) = -k**3 + 1 + k**h + 3*k**2 + 6*k**2 + 3*k - 7*k**2. Let z(b) = b**3 + 8*b**2 + 16*b + 27. Let x be z(-6). Calculate f(x).
10
Let h(i) be the first derivative of 119*i**3/3 + 2*i - 4260. What is h(-1)?
121
Let o(t) = 3*t**2 - 3*t**3 - t**3 - 2*t**2. Suppose -m = -50 + 42. Let n(q) = 2*q**3 - 15*q**2 - 6*q - 15. Let z be n(m). Determine o(z).
-3
Let f(a) = -a**3 - 4*a**2 - 10*a + 2. Let u(q) = -2*q**3 - 9*q**2 - 20*q + 3. Let t(o) = -7*f(o) + 4*u(o). Determine t(-1).
1
Let s be 14/(-10) - (-4)/10. Let x(y) = -16*y**3 - 90*y**2 - y - 7. Let g(i) = -33*i**3 - 195*i**2 - 2*i - 15. Let h(o) = 6*g(o) - 13*x(o). What is h(s)?
-10
Suppose -3*w = -3, 5*a - 4*w + 28 = 2*a. Let j be ((-14)/a)/7 + 34/(-8). Let l(y) = -3*y + 5. Calculate l(j).
17
Let w(g) be the second derivative of g**5/20 + g**4/4 + g**3/6 - g**2/2 + 8662*g. Let m(d) = 7*d**2 + 1. Let f be m(-1). Suppose c + c = -f. Determine w(c).
-21
Let f(y) = y - 1. Let d(h) = -2*h + 1. Let a(j) = 4*d(j) + 9*f(j). Let l be 5/2 + (-296)/112 + 29/7. Calculate a(l).
-1
Let w(s) = s**3 + 9*s**2 + 10*s + 19. Let h be w(-8). Let t(m) = 2*m**2 + 1982 - 1979 + 0*m**3 + m**h - 4*m. Suppose -a - 2*r = 6, 2*r = 6*r + 4. Give t(a).
-13
Let i(g) = 4*g**2 + 18*g - 45. Let r be i(2). Let x(a) = 8*a - 6. Let b(z) = 8*z - 5. Let q(p) = -4*b(p) + 5*x(p). Calculate q(r).
46
Let m(k) = -k**2 - 20*k - 15. Let w(i) = -i**2 - 18*i - 14. Let x(u) = -5*m(u) + 6*w(u). Let c = 57 - 106. Let p = c + 43. What is x(p)?
3
Suppose -77*r - 1197 + 350 = 0. Let z(c) be the first derivative of -3 - c - 11/2*c**2 - 1/3*c**3. Calculate z(r).
-1
Let p be (-4 + (-68)/(-14))*7. Let w(z) = -9*z**3 + z - 21*z**3 + 31*z**3. Let c(j) = -6*j**3 + 6*j**2 - 3*j - 3. Let a(d) = -c(d) - 5*w(d). Give a(p).
-9
Let h(t) = -t**3 + 12*t**2 - 12*t + 12. Let u be -1*6/(-4) - (-2)/(-4). Let z(f) = 4*f**2 + 3*f + 4. Let d be z(u). Give h(d).
1
Suppose -20 = -229*t + 225*t. Suppose -u = -t*f - 4, -15*u + 20*u - f = 92. Let i(y) = y**2 - 22*y + 46. Calculate i(u).
-11
Let d(p) = -p**3 + 6*p**2 - 6*p + 29. Let c be ((-242)/2178)/(1/(-54)). What is d(c)?
-7
Suppose 3*b + b + 3*j + 13 = 0, -3*b - 5*j = 18. Suppose z + 8 = 2*q, 4*z + 0 = 2*q - 14. Let s(w) = 0*w**2 - q*w**2 - w**2 - w + 2*w. What is s(b)?
-5
Let c(m) = 2*m**3 - 38*m**2 - 8. Suppose -33*r + 65*r + 76 = 36*r. Determine c(r).
-8
Suppose 5*s = -44 + 69. Let z(x) = s*x - 19*x + 7*x - 2 + x + 0*x. What is z(2)?
-14
Let v(m) = -m**3 + 3*m**2 + 7*m - 6. Let p be v(4). Let j(z) = 50*z + 14. Let f(g) = -533*g - 151. Let x(q) = -9*f(q) - 96*j(q). Determine x(p).
-3
Let m(b) = -5*b**2 + 3*b + 3. Let r = -3680 - -3679. What is m(r)?
-5
Suppose 4*i + 12 + 8 = 0. Let q(z) = 2*z**3 - z + 13. Let d(o) = -o**3 - o**2 + o - 6. Let c(s) = 5*d(s) + 2*q(s). Give c(i).
-19
Suppose 4*t + 3*n = 2928, -n - 2101 = -5*t + 1559. Let d(z) = -4*z + t*z**2 + 733*z**2 + 5 - 1466*z**2. Give d(-4).
5
Let t(q) = -30*q**3 + 4*q**2 + 9*q. Let p(u) = -30*u**3 + 4*u**2 + 7*u. Let o(b) = 3*p(b) - 2*t(b). What is o(-1)?
31
Let b(r) = -r**2 + 4*r - 4. Let x(a) = -a**2 - a + 45. Let m be x(6). Suppose m*u = 15 - 0. Calculate b(u).
-9
Let a = -7 - -3. Let h(r) be the second derivative of 1/12*r**4 + 1/3*r**3 - 6*r + 7 - 5/2*r**2. Determine h(a).
3
Let y(x) = 15*x + 52 - 20*x - 36 - 42. Calculate y(-13).
39
Let p(k) = 20393 + 4*k**2 - 2*k**3 + 4*k - 5*k - 20399 + 4*k**2 - 5*k**2. What is p(0)?
-6
Let k(d) = -14*d - 36. Suppose 0 = 778*t - 785*t - 35. Determine k(t).
34
Suppose 3*h - 37 = -4*f + 111, 3*h + 212 = 5*f. Let d = -37 + f. Suppose -4*c - v - 3 = -0*v, -2*c = v + d. Let q(i) = i**2 - i - 10. Calculate q(c).
-10
Let b = -21 - -23. Suppose a = b*a. Let c(w) be the second derivative of -w**3/6 - w**2/2 - 40*w - 1. Give c(a).
-1
Let k(y) = 5*y. Let s(l) =